= -185 - -260. What are the prime factors of k?
3, 5
Let a = -258 - -376. What are the prime factors of a?
2, 59
Let t(u) = -4*u + 1. Let o be t(-1). Suppose -o*c - 1 = 14. Let s(v) = 2*v**2 + 2*v - 4. List the prime factors of s(c).
2
Let c be 16/9 - 4/(-18). Let m(r) = -c + 1 - 1 + 2*r. What are the prime factors of m(7)?
2, 3
Let j = -92 + 192. Let g be ((-16)/(-6))/((-26)/(-39)). List the prime factors of g/(-6) - j/(-15).
2, 3
Let f(p) = -p**3 + 4*p**2. Let k be f(2). Suppose 0*c = -2*b + c + 16, 2*c = -k. List the prime factors of b.
2, 3
Let y = 205 + -47. List the prime factors of y.
2, 79
Suppose -9*u + 2367 - 657 = 0. List the prime factors of u.
2, 5, 19
Let s(n) = -n**3 + 8*n**2 + 11*n - 1. What are the prime factors of s(9)?
17
Suppose -10 = 5*k, -6*q + 5*k + 154 = -2*q. What are the prime factors of q?
2, 3
Suppose 0 = 2*a - 2*m + 2, 2*a = a + 2*m + 1. Let t = 6 - a. What are the prime factors of t?
3
Suppose 3*q + 8 = -3*u + 74, 0 = 2*q + u - 47. Let n = q - 18. What are the prime factors of n?
7
Let g be (-9)/6*(-14)/3. Suppose -5*o + g*o - 6 = 0. List the prime factors of o.
3
Let r = -9 + 13. Suppose -x + 22 = -3*j, r*x - 6*j - 109 = -j. What are the prime factors of x?
31
Suppose -455 - 1407 = -14*f. What are the prime factors of f?
7, 19
Let a(n) = n - 1. Let m be a(1). Suppose m = -2*f - 2. List the prime factors of f + 6/9*12.
7
Suppose -4*n = y - 81, -4*n = 2*y - 8 - 74. List the prime factors of n.
2, 5
Suppose 14 = -4*b - 4*d - 10, 12 = -2*b + 5*d. List the prime factors of 2/3 - 8/b.
2
Let o(t) = t**3 + 9*t**2 - 11*t + 4. Suppose -5 = -4*g + 2*v - 37, 4*g = v - 36. What are the prime factors of o(g)?
2, 7
Let k(y) = 2*y + 2. Let x be k(-3). Let z(r) = r + 7. Let w be z(x). Suppose 2*i + 10 = w*v, -v - i - 4 = -9. List the prime factors of v.
2
Suppose 5*l - l = 0. Suppose 38 = 2*b - l*b. List the prime factors of b.
19
Let c(g) = 2*g + 16. Let y be c(-7). Suppose -4*h = -3*w + 81, y*w - 7*w + 135 = 3*h. What are the prime factors of w?
3
Let k = 75 - -7. What are the prime factors of k?
2, 41
Let a(f) = 2*f**2 + 38. What are the prime factors of a(11)?
2, 5, 7
Suppose 0*h + 2*h - 40 = 0. Let k = h - 12. List the prime factors of k.
2
List the prime factors of 8/(-12) - (-1258)/6.
11, 19
Let p = 32 - 4. Let y be p/2*(-2)/(-2). What are the prime factors of (-24)/y*(-14)/2?
2, 3
Suppose 0 = -3*y + 4*u + 7, -5 = -4*y - y + 5*u. Suppose 8 = 2*q + 5*m, -2*m + 2 + 2 = 0. Let l = q - y. List the prime factors of l.
2
Let q(p) be the third derivative of p**6/120 + p**5/12 + p**4/6 + 2*p**3/3 + p**2. What are the prime factors of q(-4)?
2
Suppose -12 = 4*l - 0*q + 2*q, 2*q = -3*l - 10. Let n be (-4 - -9)*2/(-2). Let i = l - n. What are the prime factors of i?
3
Let y(u) = -u**3 + 4*u**2 - 4*u - 3. Let a(l) = l + 1. Let t(m) = 4*a(m) + y(m). List the prime factors of t(2).
3
Let m = 2 + 12. Let c(f) = f - 3. What are the prime factors of c(m)?
11
Suppose -y = -5*x + 444, -221 = -2*x + 2*y - 37. What are the prime factors of x?
2, 11
Let v = 11 - 8. Let n(s) = s**2 + s - 4. List the prime factors of n(v).
2
Suppose 0 = 3*g + 9, 5*i - 6*i + 164 = -3*g. What are the prime factors of i?
5, 31
Let z be 6/(-3)*8/(-2). Suppose -o = -5*o + z. What are the prime factors of o + (3 - 3) - -5?
7
List the prime factors of (11 - 2) + 2/(-4)*-4.
11
Let s(q) = q - 2. Let r be s(5). Suppose 3*i - 2*i = -1. Let p = r - i. List the prime factors of p.
2
Let c(f) = -4*f + 12. What are the prime factors of c(-3)?
2, 3
Let q = -2 - -6. Suppose q*j - 25 = 31. List the prime factors of j.
2, 7
Let d = -35 - -17. Let g = 4 - d. List the prime factors of g.
2, 11
Let i = 2 + -7. Let a(y) = 8*y + 4. Let j be a(i). What are the prime factors of (j/16)/(3/(-8))?
2, 3
Suppose 2*i - 2*n - 122 = 0, 2*n = -0 - 6. List the prime factors of i.
2, 29
Suppose 3*a + 0*a - 18 = 0. Suppose -3*c = -c - a. List the prime factors of -5 + c + 16 - -2.
2
Let s = 1 - -11. List the prime factors of s.
2, 3
Suppose -4*y = -3*i - 231, 4*y + 4*i - 71 - 125 = 0. What are the prime factors of y?
2, 3
Suppose -121 = -4*q + 3*t, 6*q = 5*q + 4*t + 14. List the prime factors of q.
2, 17
Suppose -98*q = -94*q - 1072. What are the prime factors of q?
2, 67
Suppose 5*z + 32 = 2. List the prime factors of ((-80)/z)/(1/3).
2, 5
Suppose 2*a - 3 - 1 = -4*g, -2*a = 5*g - 5. Suppose a = -5*o + 8 + 2. What are the prime factors of o?
2
Suppose -2 = 4*i + 2*s, -2*i + 0*s = -2*s - 14. Suppose 2*l + i*l = 0. List the prime factors of (1 + l)/(3/6).
2
Let g = -1 - -2. Let s = 0 - g. Let z(d) = -11*d - 1. List the prime factors of z(s).
2, 5
Suppose 0 = -3*q + 2*q + 4. What are the prime factors of (-2)/q - (-17)/2?
2
List the prime factors of -1*(-64 - (-6)/(-2)).
67
Let z(h) = -h**2 + 10*h - 10. Let m be z(8). Suppose 3*n = -0 + m. List the prime factors of 4/(-4) + 16/n.
7
Let k = 11 - -19. Suppose -h - k = -3*h. List the prime factors of h.
3, 5
Let n be ((-1)/(-3))/(3/63). Suppose 0 = -2*f + n*f - 15. Suppose -4*y + 36 = 4*s, 0 = -f*s + 2*y + y + 9. List the prime factors of s.
2, 3
Suppose 0 = 3*q + 2*r - 49, 3 = -3*r - 0*r. Let x = -8 + q. Suppose -4*m + x = -11. What are the prime factors of m?
5
Suppose 5*i - i = 0. Suppose i*m = -m + 5. What are the prime factors of m?
5
Let s(l) = -l + 31. List the prime factors of s(-7).
2, 19
Suppose 404 = 4*c + 8. What are the prime factors of c?
3, 11
Let r = -7 + 13. Let q(s) = s**2 - 2*s + 1. List the prime factors of q(r).
5
Let f be 0/(-1)*(-2)/4. Suppose -221 = -3*z - 4*x, -2*z - x + 148 - 9 = f. Let w = z - 47. What are the prime factors of w?
2, 5
Suppose 8*w = 3*w - 45. What are the prime factors of (w/(-2))/(12/16)?
2, 3
Let m = -4 - -4. Suppose -2 = -m*i - 2*i, 0 = 4*k + 4*i - 84. Suppose -k = -3*q + 10. What are the prime factors of q?
2, 5
Let w(v) = 3*v + 10. Let c(h) = -1. Let n(o) = 4*c(o) - w(o). Let j be n(-10). Suppose 0 = -3*d + 37 - j. List the prime factors of d.
7
Let q(r) = -16*r - 17. List the prime factors of q(-4).
47
Let o(g) = -2*g**3 + g**2 + g. Suppose -16 = 4*x - 3*l, -x - 2*l + 7 = -0*x. What are the prime factors of o(x)?
2
Suppose 0*g = -g + 279. What are the prime factors of g?
3, 31
Let x be 6 - (-6)/9*-3. Let i(h) = -h**3 - 2*h**2 + 5*h - 2. Let s(f) = -f**3 - f**2 + 4*f - 1. Let j(d) = 4*i(d) - 5*s(d). List the prime factors of j(x).
13
Suppose 5*h + 3*u - 2*u = 40, -2*u - 18 = -4*h. Suppose 5*n + 2*s - 1 = 0, 5*s + 3 = -h. What are the prime factors of ((-1)/n)/(2/(-14))?
7
Suppose -3*a = -3*r - 3, 4*r = 5*a + 2*r + 4. Let f be -2*3/(-6) - a. Suppose 5*z + 6 = t, -z - f*z = 2*t - 12. What are the prime factors of t?
2, 3
Suppose 0*y + 2 = 2*y, -15 = 2*m - y. Let o(w) = -w**3 - 6*w**2 + w + 1. What are the prime factors of o(m)?
43
Let j(c) = 5*c**2 + 3*c + 2. Let q be j(-3). List the prime factors of -4*(q/(-8) - -1).
3, 5
Let h(x) = x**3 - 2*x**2 + 2*x - 1. Let a be h(1). Suppose a = 3*l - 4*g + 2*g - 43, -12 = -l + 3*g. What are the prime factors of l?
3, 5
Let v(d) = -d**3 - 22*d**2 - 27*d - 20. List the prime factors of v(-21).
2, 53
What are the prime factors of (112/(-35))/(2/(-15))?
2, 3
Suppose 10 + 42 = 2*z. What are the prime factors of z?
2, 13
Suppose -4*i = i - 10. Let n = i - 0. List the prime factors of n.
2
Suppose -5*w = -5, -2*v - 2*v = -2*w - 30. Let s = v + -6. Suppose -s*t - 14 = -3*t. List the prime factors of t.
2, 7
Suppose -420 = 64*j - 68*j. List the prime factors of j.
3, 5, 7
Let z(v) = v**2 - 3*v - 2. List the prime factors of z(7).
2, 13
Suppose 2*g + 4*x - 64 = 0, 5*x - 115 - 35 = -5*g. Suppose -5*v = -9*v + g. List the prime factors of v.
7
Suppose 0 = -14*i + 5252 - 1654. What are the prime factors of i?
257
Suppose 14 - 103 = -h. Suppose 3*b = h - 23. What are the prime factors of b?
2, 11
Let u(r) = r**3 + 2*r**2. Let x = -4 + 6. List the prime factors of u(x).
2
Let b(h) = h**3 + 7*h**2 + 2*h + 9. Let f be b(-7). Let u(z) = -z**3 - 4*z**2 + 4*z + 5. List the prime factors of u(f).
2, 5
Suppose 29 = u - 30. What are the prime factors of u?
59
Suppose -51 = -m - 4*v, 0 = 2*v - 4*v - 4. List the prime factors of m.
59
Let b(n) = -n - 3*n + 3*n + 0*n. Let l be b(-6). What are the prime factors of 2/l + 116/12?
2, 5
Let j(u) = 2*u**3 - 3*u**2 + 3. Let o be j(3). Suppose v - o